31
What is the greatest common divisor of 222907 and 7474?
101
Calculate the highest common factor of 72137600 and 112.
16
Calculate the highest common divisor of 136408 and 70328.
472
Calculate the highest common factor of 4369392 and 16048.
16
Calculate the highest common divisor of 623212 and 265108.
1388
Calculate the highest common factor of 780607 and 11938977.
4789
What is the highest common factor of 52497 and 1326618?
171
What is the greatest common divisor of 307920 and 1488?
48
Calculate the greatest common divisor of 229768 and 19404.
308
What is the greatest common divisor of 6515256 and 1288?
184
What is the highest common divisor of 494375264 and 96?
32
Calculate the highest common divisor of 154 and 9821581.
77
Calculate the greatest common factor of 725785 and 360020.
1915
What is the highest common factor of 295707 and 914115?
1227
Calculate the highest common divisor of 139722479 and 6604.
1651
What is the highest common factor of 2145 and 13925145?
195
What is the greatest common factor of 316188 and 12456?
36
What is the highest common factor of 1793004 and 12?
12
What is the greatest common factor of 2679 and 7687837?
893
Calculate the greatest common factor of 412604 and 21223608.
4636
What is the greatest common divisor of 1122 and 314886?
66
Calculate the greatest common divisor of 3109 and 823.
1
What is the greatest common factor of 1299886 and 26?
2
Calculate the highest common divisor of 207992 and 64.
8
Calculate the highest common factor of 1653261 and 6177.
87
Calculate the greatest common factor of 11446 and 54488974.
194
Calculate the greatest common factor of 14 and 19704097.
7
What is the greatest common divisor of 13730679 and 7803?
2601
Calculate the highest common divisor of 2960942 and 1162.
166
What is the greatest common divisor of 2503404 and 36?
36
What is the greatest common factor of 62112 and 8000?
32
Calculate the highest common factor of 90 and 79667910.
90
Calculate the greatest common divisor of 63980 and 994.
14
What is the highest common divisor of 23467869 and 513?
171
What is the greatest common factor of 2434214601 and 5733?
5733
Calculate the highest common factor of 3803886 and 47802.
186
What is the greatest common factor of 447988 and 9?
1
Calculate the greatest common factor of 3 and 33188583.
3
What is the greatest common factor of 10572 and 7692?
12
Calculate the greatest common divisor of 508 and 3337052.
508
Calculate the highest common divisor of 143128 and 136.
8
Calculate the greatest common factor of 1248 and 5065281.
39
Calculate the highest common divisor of 288 and 9372768.
96
What is the greatest common divisor of 3471299 and 3855?
257
Calculate the greatest common factor of 16582836 and 48.
12
Calculate the highest common divisor of 4868346 and 18522.
294
Calculate the greatest common factor of 14707609 and 2387.
217
What is the greatest common factor of 26580 and 1252804?
1772
Calculate the highest common factor of 13331888 and 656.
656
Calculate the highest common divisor of 1201070 and 910.
130
What is the greatest common divisor of 3216 and 86696?
8
Calculate the highest common factor of 23003797 and 628.
157
What is the highest common factor of 12892 and 2403010786?
6446
What is the highest common divisor of 221 and 5971628?
13
What is the highest common factor of 5926445 and 112?
7
Calculate the greatest common factor of 62528949 and 2718.
1359
Calculate the greatest common factor of 2 and 5074259.
1
Calculate the highest common factor of 238 and 17832.
2
What is the greatest common divisor of 195838 and 16?
2
Calculate the greatest common divisor of 312 and 68365544.
104
Calculate the greatest common factor of 57 and 351017229.
57
What is the greatest common factor of 1517 and 976497?
41
What is the greatest common divisor of 1590 and 1395543?
159
What is the highest common factor of 641564648 and 8?
8
Calculate the greatest common divisor of 15666861 and 112.
7
What is the greatest common divisor of 810550 and 2465?
145
What is the highest common divisor of 1248140 and 612?
68
What is the highest common divisor of 16177557 and 11?
11
Calculate the highest common divisor of 526818 and 1086.
6
Calculate the greatest common divisor of 19323 and 1416393.
171
Calculate the highest common factor of 148 and 5879596.
148
Calculate the greatest common divisor of 2340 and 39330.
90
What is the greatest common factor of 49039968 and 13056?
1632
What is the highest common factor of 3589 and 33618163?
3589
Calculate the greatest common divisor of 19870018 and 2135.
427
What is the greatest common factor of 89894017 and 19065?
1271
What is the greatest common divisor of 96 and 5658516?
12
What is the greatest common divisor of 8 and 21453448?
8
What is the highest common factor of 90673 and 40403?
11
Calculate the highest common factor of 893165 and 51883.
169
Calculate the highest common factor of 1220 and 1361764.
244
Calculate the greatest common factor of 129381 and 1769.
61
Calculate the highest common factor of 1798 and 14047832.
58
Calculate the highest common factor of 64 and 23932768.
32
Calculate the highest common divisor of 570822 and 13468.
14
Calculate the highest common divisor of 956 and 458527714.
478
Calculate the greatest common factor of 3686 and 369958.
194
Calculate the highest common divisor of 449049 and 17028.
129
Calculate the highest common divisor of 9079360 and 1120.
160
What is the greatest common factor of 268 and 153461222?
134
What is the highest common factor of 1024 and 2582?
2
Calculate the greatest common divisor of 7772171 and 77.
11
Calculate the highest common divisor of 35 and 165371325.
35
Calculate the greatest common factor of 3852625 and 494875.
4625
Calculate the greatest common divisor of 5945875 and 13000.
1625
Calculate the greatest common factor of 27923185 and 20.
5
Calculate the greatest common divisor of 12 and 14214276.
12
What is the highest common divisor of 29377659 and 5370?
537
Calculate the highest common divisor of 4920 and 8717010.
1230
Calculate the greatest common divisor of 348471 and 46213.
1249
Calculate the greatest common divisor of 8304 and 90600792.
4152
Calculate the highest common factor of 4140383 and 117.
13
Calculate the highest common factor of 2228324 and 11564.
196
Calculate the highest common divisor of 45 and 83454045.
15
What is the greatest common divisor of 11098 and 951206?
358
What is the greatest common divisor of 38882 and 626?
2
What is the greatest common factor of 102099790 and 10?
10
What is the highest common divisor of 4012 and 251079987?
1003
What is the highest common divisor of 44550283 and 662?
331
Calculate the greatest common divisor of 16640 and 2046208.
256
What is the highest common divisor of 25 and 167443?
1
Calculate the highest common factor of 353349894 and 2217.
2217
What is the greatest common divisor of 10410 and 157583110?
3470
Calculate the greatest common divisor of 12960615 and 5790.
15
What is the greatest common divisor of 1453 and 36993380?
1453
What is the highest common divisor of 262432 and 13098?
118
What is the greatest common divisor of 5808 and 3154965?
33
Calculate the highest common divisor of 434 and 11845876.
14
What is the highest common divisor of 323091353 and 3817?
347
Calculate the highest common divisor of 48 and 38801856.
48
What is the greatest common factor of 3080 and 155740376?
88
What is the highest common divisor of 615876 and 34068?
204
What is the greatest common factor of 1005516 and 326957?
1643
What is the greatest common factor of 240 and 395088?
48
What is the greatest common divisor of 271793 and 1910?
191
What is the highest common divisor of 4757704 and 980?
196
Calculate the greatest common divisor of 376 and 2273014.
94
What is the greatest common factor of 202105965 and 30?
15
Calculate the greatest common factor of 28314 and 177573.
33
What is the greatest common divisor of 735 and 2986788?
21
Calculate the greatest common divisor of 6077280 and 640.
160
What is the greatest common factor of 1845504 and 7120?
1424
What is the highest common divisor of 1028361823 and 263?
263
Calculate the greatest common divisor of 3934 and 1523368.
14
Calculate the greatest common divisor of 6836556 and 24.
12
Calculate the highest co